culate the remainder when 298649 is divided by 2130.
449
What is the remainder when 871022 is divided by 145166?
26
Calculate the remainder when 928387 is divided by 84396.
31
What is the remainder when 279790 is divided by 430?
290
What is the remainder when 7685948 is divided by 39?
23
Calculate the remainder when 8193 is divided by 7910.
283
What is the remainder when 3575016 is divided by 325001?
5
What is the remainder when 166638 is divided by 5434?
3618
Calculate the remainder when 6419333 is divided by 12274.
31
Calculate the remainder when 84159 is divided by 57.
27
What is the remainder when 138554 is divided by 746?
544
What is the remainder when 582570 is divided by 22406?
14
Calculate the remainder when 38963128 is divided by 423512.
24
Calculate the remainder when 34178909 is divided by 10.
9
Calculate the remainder when 749341 is divided by 156.
73
Calculate the remainder when 140615 is divided by 1923.
236
Calculate the remainder when 4251678 is divided by 128835.
123
Calculate the remainder when 958874 is divided by 8411.
20
Calculate the remainder when 1276735 is divided by 2987.
1286
What is the remainder when 367026657 is divided by 770?
767
What is the remainder when 3921720 is divided by 1445?
1435
Calculate the remainder when 2580211 is divided by 3734.
17
What is the remainder when 13409369 is divided by 558723?
17
Calculate the remainder when 1213408 is divided by 135.
28
Calculate the remainder when 55365 is divided by 708.
141
What is the remainder when 125094 is divided by 17863?
53
Calculate the remainder when 465801263 is divided by 342.
341
Calculate the remainder when 514403512 is divided by 5.
2
What is the remainder when 609768 is divided by 2835?
243
What is the remainder when 82334 is divided by 189?
119
Calculate the remainder when 4025328 is divided by 4024480.
848
Calculate the remainder when 239707 is divided by 2378.
1907
What is the remainder when 3382205 is divided by 8924?
9
What is the remainder when 19829 is divided by 9864?
101
What is the remainder when 10477823 is divided by 224?
223
Calculate the remainder when 1496122634 is divided by 5.
4
What is the remainder when 156010541 is divided by 119?
113
Calculate the remainder when 6904471 is divided by 127.
116
Calculate the remainder when 1150407 is divided by 199.
187
Calculate the remainder when 26208858 is divided by 3744121.
11
What is the remainder when 90245 is divided by 17026?
5115
What is the remainder when 67476154 is divided by 116?
114
Calculate the remainder when 4502858 is divided by 102.
68
Calculate the remainder when 63942086 is divided by 47.
43
What is the remainder when 7306514 is divided by 1461300?
14
Calculate the remainder when 73096370 is divided by 10383.
50
What is the remainder when 99603541 is divided by 617?
614
Calculate the remainder when 1056808 is divided by 211335.
133
Calculate the remainder when 1245177 is divided by 138337.
144
What is the remainder when 55899821 is divided by 74?
73
What is the remainder when 222682912 is divided by 1649503?
7
Calculate the remainder when 1238508127 is divided by 4087.
4082
What is the remainder when 33025 is divided by 1935?
130
What is the remainder when 6521536 is divided by 58228?
0
Calculate the remainder when 68737 is divided by 9316.
3525
Calculate the remainder when 6144194 is divided by 399.
392
Calculate the remainder when 7989155 is divided by 294.
293
Calculate the remainder when 1336535999 is divided by 2736.
2735
Calculate the remainder when 696286 is divided by 696247.
39
Calculate the remainder when 928658 is divided by 2941.
2243
Calculate the remainder when 665676 is divided by 3941.
3588
What is the remainder when 1449465 is divided by 20?
5
Calculate the remainder when 8564481 is divided by 10419.
63
Calculate the remainder when 19941752 is divided by 427.
425
Calculate the remainder when 20889909 is divided by 869.
18
Calculate the remainder when 70011472 is divided by 17502868.
0
Calculate the remainder when 26174636 is divided by 201.
14
What is the remainder when 2396054 is divided by 3199?
3
Calculate the remainder when 3965980 is divided by 3227.
3224
What is the remainder when 778267 is divided by 31128?
67
What is the remainder when 111350510 is divided by 124?
122
Calculate the remainder when 7062399 is divided by 10.
9
What is the remainder when 2563745 is divided by 366249?
2
Calculate the remainder when 83535915 is divided by 3055.
3050
Calculate the remainder when 35759130 is divided by 97.
80
Calculate the remainder when 246424 is divided by 82139.
7
What is the remainder when 804024 is divided by 66?
12
Calculate the remainder when 950345 is divided by 274.
113
What is the remainder when 4404803 is divided by 1401?
59
Calculate the remainder when 1444612 is divided by 454.
438
What is the remainder when 279076923 is divided by 446?
5
What is the remainder when 16245055 is divided by 60?
55
Calculate the remainder when 1424961 is divided by 3214.
1159
Calculate the remainder when 834369 is divided by 417127.
115
What is the remainder when 4344033 is divided by 155144?
1
Calculate the remainder when 1014741 is divided by 253625.
241
Calculate the remainder when 2248923 is divided by 1821.
1809
What is the remainder when 22173 is divided by 1841?
81
Calculate the remainder when 397963 is divided by 132267.
1162
Calculate the remainder when 6970967 is divided by 310.
307
Calculate the remainder when 353416 is divided by 1101.
1096
What is the remainder when 48197 is divided by 119?
2
What is the remainder when 1511955 is divided by 721?
18
Calculate the remainder when 206704 is divided by 6359.
3216
What is the remainder when 1110246 is divided by 5843?
76
What is the remainder when 924401 is divided by 732?
617
Calculate the remainder when 6225741 is divided by 296454.
207
Calculate the remainder when 92932132 is divided by 865.
857
What is the remainder when 6431586 is divided by 783?
24
What is the remainder when 65270 is divided by 463?
450
Calculate the remainder when 2705578 is divided by 830.
608
Calculate the remainder when 214528719 is divided by 2523867.
24
Calculate the remainder when 1708205 is divided by 1736.
1717
Calculate the remainder when 6453600 is divided by 1521.
1518
Calculate the remainder when 3466031 is divided by 804.
791
What is the remainder when 21860 is divided by 36?
8
Calculate the remainder when 160897 is divided by 607.
42
Calculate the remainder when 2054648 is divided by 684880.
8
What is the remainder when 181880 is divided by 36063?
1565
What is the remainder when 49411 is divided by 16100?
1111
What is the remainder when 1204069 is divided by 438?
7
Calculate the remainder when 1304089 is divided by 1134.
1123
What is the remainder when 30887 is divided by 7617?
419
Calculate the remainder when 3128867 is divided by 1313.
1301
Calculate the remainder when 2768749 is divided by 461346.
673
What is the remainder when 23246327 is divided by 70019?
19
What is the remainder when 1670937 is divided by 980?
37
Calculate the remainder when 824007 is divided by 205893.
435
Calculate the remainder when 384361138 is divided by 238882.
0
Calculate the remainder when 6528 is divided by 3855.
2673
What is the remainder when 157918 is divided by 14353?
35
What is the remainder when 49304 is divided by 2303?
941
Calculate the remainder when 1328116 is divided by 45.
31
Calculate the remainder when 7998 is divided by 691.
397
What is the remainder when 1653670 is divided by 39?
31
Calculate the remainder when 7057509 is divided by 418.
415
What is the remainder when 8136251 is divided by 58?
11
What is the remainder when 2636914 is divided by 263658?
334
What is the remainder when 658336 is divided by 164577?
28
Calculate the remainder when 9557344 is divided by 154.
104
What is the remainder when 2029156 is divided by 9?
7
What is the remainder when 8455961 is divided by 242?
239
Calculate the remainder when 80521 is divided by 559.
25
Calculate the remainder when 204727 is divided by 534.
205
Calculate the remainder when 271703 is divided by 135599.
505
Calculate the remainder when 1271331 is divided by 8.
3
What is the remainder when 5023384 is divided by 179?
107
What is the remainder when 81738 is divided by 675?